{"id":6203,"date":"2014-02-19T23:16:45","date_gmt":"2014-02-19T22:16:45","guid":{"rendered":"http:\/\/www.iblacom.dk\/?page_id=6203"},"modified":"2024-04-29T19:00:22","modified_gmt":"2024-04-29T18:00:22","slug":"relevante-links","status":"publish","type":"page","link":"https:\/\/www.iblacom.dk\/?page_id=6203","title":{"rendered":"Relevante links"},"content":{"rendered":"<p>Vi har p\u00e5 denne side samlet en r\u00e6kke links, der afspejler vores arbejde og interesseomr\u00e5der:<\/p>\n<p><strong>Besk\u00e6ftigelse:<\/strong><\/p>\n<p>Dorte arbejder for <a href=\"https:\/\/hteforum.dk\/\">H\u00f8je-Taastrup Erhvervsforum<\/a><\/p>\n<p><strong>Sl\u00e6gtsforskning:<\/strong><\/p>\n<p>Danske Sl\u00e6gtsforskere:\u00a0\u00a0 <a href=\"http:\/\/www.slaegtogdata.dk\">www.slaegt.dk<\/a><\/p>\n<p>Sokkelund Sl\u00e6gtsforskere: <a href=\"http:\/\/www.slaegt.dk\/sokkelund\">www.slaegt.dk\/sokkelund<\/a><\/p>\n<p>Danish Family Search: \u00a0<a href=\"http:\/\/www.danishfamilysearch.dk\">www.danishfamilysearch.dk<\/a><\/p>\n<p>Vallensb\u00e6k Lokalhistoriske Forening: <a href=\"http:\/\/www.vlf.nu\">http:\/\/www.vlf.nu\u00a0<\/a><\/p>\n<p>Bauers kalender for \u00e5rene 601-2200: <a href=\"http:\/\/www.morchslaegt.dk\/bauers\/bauer.htm\">Bauers kalender<\/a><\/p>\n<p>The Next Generation of Genealogy Sitebuilding: <a href=\"http:\/\/www.tngsitebuilding.com\/\">tngsitebuilding.com<\/a><\/p>\n\n","protected":false},"excerpt":{"rendered":"<p>Vi har p\u00e5 denne side samlet en r\u00e6kke links, der afspejler vores arbejde og interesseomr\u00e5der: Besk\u00e6ftigelse: Dorte arbejder for H\u00f8je-Taastrup Erhvervsforum Sl\u00e6gtsforskning: Danske Sl\u00e6gtsforskere:\u00a0\u00a0 www.slaegt.dk Sokkelund Sl\u00e6gtsforskere: www.slaegt.dk\/sokkelund Danish Family Search: \u00a0www.danishfamilysearch.dk Vallensb\u00e6k Lokalhistoriske Forening: http:\/\/www.vlf.nu\u00a0 Bauers kalender for \u00e5rene 601-2200: Bauers kalender The Next Generation of Genealogy Sitebuilding: tngsitebuilding.com<\/p>\n","protected":false},"author":1,"featured_media":0,"parent":0,"menu_order":0,"comment_status":"closed","ping_status":"closed","template":"page-templates\/full-width.php","meta":{"footnotes":""},"class_list":["post-6203","page","type-page","status-publish","hentry"],"_links":{"self":[{"href":"https:\/\/www.iblacom.dk\/index.php?rest_route=\/wp\/v2\/pages\/6203","targetHints":{"allow":["GET"]}}],"collection":[{"href":"https:\/\/www.iblacom.dk\/index.php?rest_route=\/wp\/v2\/pages"}],"about":[{"href":"https:\/\/www.iblacom.dk\/index.php?rest_route=\/wp\/v2\/types\/page"}],"author":[{"embeddable":true,"href":"https:\/\/www.iblacom.dk\/index.php?rest_route=\/wp\/v2\/users\/1"}],"replies":[{"embeddable":true,"href":"https:\/\/www.iblacom.dk\/index.php?rest_route=%2Fwp%2Fv2%2Fcomments&post=6203"}],"version-history":[{"count":20,"href":"https:\/\/www.iblacom.dk\/index.php?rest_route=\/wp\/v2\/pages\/6203\/revisions"}],"predecessor-version":[{"id":15907,"href":"https:\/\/www.iblacom.dk\/index.php?rest_route=\/wp\/v2\/pages\/6203\/revisions\/15907"}],"wp:attachment":[{"href":"https:\/\/www.iblacom.dk\/index.php?rest_route=%2Fwp%2Fv2%2Fmedia&parent=6203"}],"curies":[{"name":"wp","href":"https:\/\/api.w.org\/{rel}","templated":true}]}}