{"id":15724,"date":"2021-12-30T14:37:56","date_gmt":"2021-12-30T13:37:56","guid":{"rendered":"http:\/\/www.iblacom.dk\/?page_id=15724"},"modified":"2025-08-13T20:19:29","modified_gmt":"2025-08-13T19:19:29","slug":"velkommen","status":"publish","type":"page","link":"https:\/\/www.iblacom.dk\/","title":{"rendered":"Velkommen"},"content":{"rendered":"\n<p><a href=\"http:\/\/www.iblacom.dk\/wp-content\/uploads\/2021\/12\/Naestved.jpg\"><img loading=\"lazy\" decoding=\"async\" class=\"alignright  wp-image-15745\" src=\"http:\/\/www.iblacom.dk\/wp-content\/uploads\/2021\/12\/Naestved-225x300.jpg\" alt=\"\" width=\"294\" height=\"391\" srcset=\"https:\/\/www.iblacom.dk\/wp-content\/uploads\/2021\/12\/Naestved-225x300.jpg 225w, https:\/\/www.iblacom.dk\/wp-content\/uploads\/2021\/12\/Naestved-624x832.jpg 624w, https:\/\/www.iblacom.dk\/wp-content\/uploads\/2021\/12\/Naestved.jpg 768w\" sizes=\"auto, (max-width: 294px) 100vw, 294px\" \/><\/a>Velkommen\u00a0 til familien Hvolbye&#8217;s mange aktiviteter.<\/p>\n<p>P\u00e5 denne hjemmeside kan du finde mere information om<\/p>\n<p>Vores konsulentvirksomhed:<\/p>\n<p><a href=\"https:\/\/www.iblacom.dk\/?page_id=8\">IBLA Mangement<\/a><\/p>\n<p>Dortes univers for yoga og bedre velv\u00e6re:<\/p>\n<p><a href=\"https:\/\/www.dacapo.website\"><strong>Da Capo Yoga<\/strong><\/a><\/p>\n<p>Vores f\u00e6lles lidenskab for sl\u00e6gtsforskning samlet i vores f\u00e6lles stamtr\u00e6:<\/p>\n<p><a href=\"https:\/\/www.iblacom.dk\/?page_id=40\"><strong>Familien Hvolbye<\/strong><\/a><\/p>\n","protected":false},"excerpt":{"rendered":"<p>Velkommen\u00a0 til familien Hvolbye&#8217;s mange aktiviteter. P\u00e5 denne hjemmeside kan du finde mere information om Vores konsulentvirksomhed: IBLA Mangement Dortes univers for yoga og bedre velv\u00e6re: Da Capo Yoga Vores f\u00e6lles lidenskab for sl\u00e6gtsforskning samlet i vores f\u00e6lles stamtr\u00e6: Familien Hvolbye<\/p>\n","protected":false},"author":1,"featured_media":0,"parent":0,"menu_order":0,"comment_status":"closed","ping_status":"closed","template":"page-templates\/front-page.php","meta":{"footnotes":""},"class_list":["post-15724","page","type-page","status-publish","hentry"],"_links":{"self":[{"href":"https:\/\/www.iblacom.dk\/index.php?rest_route=\/wp\/v2\/pages\/15724","targetHints":{"allow":["GET"]}}],"collection":[{"href":"https:\/\/www.iblacom.dk\/index.php?rest_route=\/wp\/v2\/pages"}],"about":[{"href":"https:\/\/www.iblacom.dk\/index.php?rest_route=\/wp\/v2\/types\/page"}],"author":[{"embeddable":true,"href":"https:\/\/www.iblacom.dk\/index.php?rest_route=\/wp\/v2\/users\/1"}],"replies":[{"embeddable":true,"href":"https:\/\/www.iblacom.dk\/index.php?rest_route=%2Fwp%2Fv2%2Fcomments&post=15724"}],"version-history":[{"count":13,"href":"https:\/\/www.iblacom.dk\/index.php?rest_route=\/wp\/v2\/pages\/15724\/revisions"}],"predecessor-version":[{"id":15942,"href":"https:\/\/www.iblacom.dk\/index.php?rest_route=\/wp\/v2\/pages\/15724\/revisions\/15942"}],"wp:attachment":[{"href":"https:\/\/www.iblacom.dk\/index.php?rest_route=%2Fwp%2Fv2%2Fmedia&parent=15724"}],"curies":[{"name":"wp","href":"https:\/\/api.w.org\/{rel}","templated":true}]}}